ive of n**6/360 + n**5/24 + n**4/24 - 11*n**3/3 + 5. Let u(i) be the third derivative of k(i). Determine u(-4).
-3
Let n(d) = -5*d. Suppose -4*r = -3*r - 5. Suppose 2*o - r*o = 66. Let b = o + 24. Determine n(b).
-10
Let h(r) = 2*r**2 + 15*r - 50. Let z be h(-10). Let j(x) = -24 + 27 - 3*x**2 + 4*x**2. Give j(z).
3
Let s(y) be the second derivative of 0 + 0*y**3 - 55*y - 1/12*y**4 - 1/20*y**5 + y**2. Determine s(0).
2
Let x(l) = -l**2 + 13*l + 2. Let w(g) = g**3 + 7*g**2 + 7*g + 20. Let n be w(-6). Give x(n).
-12
Let f(t) = t - 11*t**2 - 2*t + 4 - 19. Let k(n) = 3*n**2 - 3*n**2 - 5*n**2 + 0*n**2 - 7. Let y(j) = -4*f(j) + 9*k(j). Determine y(5).
-8
Let p(g) = g - 1. Let n(c) = c**2 - 4*c. Let r(d) = n(d) - 2*p(d). Give r(3).
-7
Let u(z) = -z**3 - 8*z**2 - 8*z - 3. Let a(f) = -2*f**3 - 15*f**2 - 15*f - 7. Let y(p) = -3*a(p) + 5*u(p). Let o = 1603 - 1607. What is y(o)?
2
Let t(p) be the second derivative of -p**2/2 + p. Let c(j) = 3*j. Let b(z) = -c(z) - 2*t(z). Let n(r) = 4*r + 58. Let g be n(-14). Determine b(g).
-4
Let o(r) = -r**3 + 10*r**2 - 7*r - 12. Let k be o(9). Suppose 2*v - k = 5*a + 5*v, -2 = 5*a + v. Suppose a = -3*z - 3. Let h(l) = 6*l. Calculate h(z).
-6
Let w(n) = -2*n**2 + n - 82. Let f(x) = -x**2 + x - 46. Let y(t) = 9*f(t) - 5*w(t). Calculate y(-5).
1
Suppose 20 = 4*k - 80. Let v(l) = 1 - k*l + 4 + 29*l. Determine v(-4).
-11
Let q(p) = 3*p**2 - 16*p + 10. Let l(k) = 2*k**2 - 8*k + 5. Let d(v) = 5*l(v) - 3*q(v). Give d(-8).
-5
Let t(h) = -4*h**3 + 7*h**2 - 8*h - 14. Let z(v) = -5*v**3 + 8*v**2 - 9*v - 16. Let m(j) = 6*t(j) - 5*z(j). Give m(-4).
-24
Let t(z) = z - 1. Suppose 2*d + 5*m + 0*m + 10 = 0, 12 = 4*d + 2*m. Suppose -2*c - 3*c = -35. Let i = c - d. What is t(i)?
1
Let q be 4/22 + (-288)/132. Let a be q*(9/3 - 4). Let i(h) = 3 - a*h + h + 7. Give i(7).
3
Let d be -1 + 8/2 + 2. Suppose -4*c + d*m - 3 + 6 = 0, 1 = c - m. Let j(a) = 3*a**2 + 2*a + 1. Give j(c).
17
Let d = 6 - 4. Let f(r) = r**3 - 3*r**2 - r + 8*r - r - 5 - d*r**3. Give f(-5).
15
Let z(u) = 7*u**2 - 3*u + 5. Let s(f) = 6*f**2 - 3*f + 5. Suppose -v + 5*h + 0 = -16, -4*h - 14 = -v. Let m(q) = v*s(q) - 5*z(q). What is m(4)?
9
Let k = 4 - 2. Let x(o) be the third derivative of 0 - 1/8*o**4 + 15*o**2 - 1/120*o**6 + 1/6*o**3 + 1/30*o**5 + 0*o. What is x(k)?
-5
Let s be 8*(-4)/(-8)*(-1 + 6). Let b = s - 23. Let g(i) = i**2 - 2*i + 2. Calculate g(b).
17
Let h(w) = w**3 - 2*w**2 - 3*w + 3. Let c be (-2)/10 + (-6)/(-30)*1. Suppose 0 = 5*v + 2*k - 5, 5*v + 4*k = -c - 5. What is h(v)?
3
Let a(t) = -5 + 49 + 5*t - 45. Give a(-2).
-11
Let b = 52 - 52. Suppose -4*f + 22 = 2*i + i, 2*f - 5*i - 24 = b. Let w(v) = -v**2 + 8*v - 4. Determine w(f).
3
Let g(w) = 2*w - 2. Let d(r) = r**2 + 9*r - 13. Let a(i) = d(i) - 5*g(i). Determine a(3).
3
Suppose -3*z + 4*w - 15 = 2*w, z + 5 = w. Let c(m) = m**3 + 4*m**2 + 1. Give c(z).
-24
Let y(o) be the second derivative of -o**3/2 - 3*o**2/2 + 13*o. Let x(g) = 4*g - 1 + 1 + 4. Let q(a) = 5*x(a) + 7*y(a). What is q(-3)?
2
Suppose -3*z - 3*o - 12 - 24 = 0, 3*o = 4*z + 20. Let q(g) = 3*g - 2. Determine q(z).
-26
Let m(o) = -o**3 + 6*o**2 - o - 1. Let c(s) = 3*s**2 + 5*s - 17. Let p be c(-5). Suppose 0 = -6*v - p + 69. What is m(v)?
-7
Let s(d) be the third derivative of d**6/360 - d**5/20 - 5*d**4/8 - 7*d**2. Let c(y) be the second derivative of s(y). Calculate c(5).
4
Let w(i) = -i**3 - 3*i**2 + 2*i + 3. Suppose -3*c + 6 = 5*h, -3*h - 3 + 6 = 2*c. Calculate w(c).
-3
Let k(f) = -49*f**3 - f**2 - 2*f - 1. Let m = 228 - 229. What is k(m)?
49
Let q(u) = 6*u**3 - 9*u**2 - 10*u + 4. Let m(k) = -7*k**3 + 9*k**2 + 10*k - 3. Let r(f) = -5*m(f) - 6*q(f). Calculate r(10).
-9
Let l(w) = -w**3 + 54*w**2 + 6*w + 11. Let m(c) = 10*c**2 + c + 2. Let x(o) = 2*l(o) - 11*m(o). Determine x(2).
-22
Let u(l) be the second derivative of l**3/6 + l**2 - 4*l. Let k be u(0). Suppose y + 5 = 2*c - 0*c, 2*c = -k*y + 2. Let g(o) = 6*o**2 + o. Determine g(y).
5
Let y(u) = 1. Let f(o) = o + 4. Let n(d) = 2*d + 11. Let z(b) = -2*b - 10. Let h(q) = -5*n(q) - 6*z(q). Let a be h(-3). Let s(v) = a*f(v) + 6*y(v). Give s(5).
-3
Let m(v) = -v + 1. Let h(k) = -k + 1. Let t be h(4). Let b(n) = 1. Let y(r) = t*b(r) + m(r). Suppose 0*s = -13*s + 52. What is y(s)?
-6
Let h(g) = -3*g + 9. Let n be 20/8*(-16)/(-10). Let c(b) = -b - 4. Let r(a) = 6*a + 20. Let s(k) = n*r(k) + 22*c(k). Let j(t) = -6*h(t) - 7*s(t). What is j(3)?
14
Let u(h) = -26*h + 134. Let a be u(5). Let n(f) = -f**3 + 2*f**2 + f + 1. Give n(a).
-27
Let i(c) = -4*c**3 - 13*c - 8. Let n(p) = -3*p**3 + p**2 - 12*p - 8. Let j(q) = -4*i(q) + 5*n(q). Let v be (-9*24/198)/((-2)/(-11)). Determine j(v).
4
Let g = 13 + -14. Let j be 1 + (5 - 3 - g). Let r(x) = j*x - x + 12 - 2*x - 8. Determine r(-5).
-1
Let g(t) = -7*t**3 + 1. Let h be (-4)/(-14) + (-38)/(-14). Suppose -h*n = 5*z - 48, 0*z = -4*z. Suppose w + p = 3*w - 6, 4*w - 3*p - n = 0. Give g(w).
-6
Let j(p) = 2*p**2 + 14*p - 6. Let u be j(-8). Let n(f) = -4*f + 38. Let o be n(u). Let l(z) = z**2 - z - 2. Give l(o).
4
Let k = 13 + -27. Let i be (-216)/k - 12/28. Let d = -20 + i. Let s(m) = -m**2 - 7*m - 5. What is s(d)?
5
Let x(u) = 2*u + 4 - 5*u**2 - 4*u + 4*u**2. Let h be (0 - -1 - -1)/((-10)/(-15)). Suppose -2*f - h*f = 15. What is x(f)?
1
Suppose 67*d = -13*d - 1 + 1. Let s(v) = -1 + 2*v**3 + v - 2 - v**3. Calculate s(d).
-3
Let x(k) be the third derivative of 1/120*k**6 + 5/24*k**4 + 0 - 1/3*k**3 - 1/10*k**5 + 0*k - 3*k**2. Calculate x(5).
-2
Let n(t) = -2*t. Suppose 5*w - 4 = 3*w. Suppose 0*h - 24 = -4*s - 4*h, w*h - 11 = -s. Determine n(s).
-2
Let h(k) = k + 7. Let i(j) = j + 9. Let a(l) = 6*h(l) - 5*i(l). Let s be 92/14 + 32/(-56). Calculate a(s).
3
Suppose a - 20 = -3*a. Let t(h) = -7*h - a*h - 2 + 9*h - h**2 + 6. Let m be 1 - 7 - (-1 - 0). Determine t(m).
-6
Let p(m) = -m + 2. Let f(i) = -2*i**2 - 25*i - 32. Let j be f(-11). Determine p(j).
1
Let u = -2 + 2. Let g(i) = 10*i - 12*i**3 - 11*i - 2 + 21*i**3 - 8*i**3. What is g(u)?
-2
Let x(h) = h - 3. Suppose 2*y + 3*s + 14 = 34, 3*s = 5*y - 8. Let b be y/16 + (-23)/(-4). Suppose 18 - b = -4*o. Give x(o).
-6
Let a(w) = -3 + w - 1 + 2. Let g(s) = -2*s - s + 5 + 9*s + s**2. Let l be g(-3). Calculate a(l).
-6
Let r(j) = -1. Let p(z) = 5 - 13*z - 8*z**2 + 9*z**2 + 3*z. Let l(c) = -p(c) + 4*r(c). Determine l(7).
12
Suppose -2*v = -1 - 19. Let c = v - 12. Let f(l) be the first derivative of -l**2 - 2*l - 5. Calculate f(c).
2
Suppose 0 = 8*o - 14 + 38. Let r(l) = -5*l - 5. Let q(a) = -6*a - 6. Let m(b) = -4*q(b) + 5*r(b). Calculate m(o).
2
Let l = 138 + -138. Let d(a) be the third derivative of 5/24*a**4 + 1/6*a**3 + 0 - 7*a**2 + l*a. What is d(1)?
6
Let s(g) = -7*g**2 + 5*g**2 - 1 + 4 - 3*g + 8*g. Determine s(5).
-22
Suppose -3*v = -v - 44. Let u = -21 + v. Suppose -f - p - 6 + u = 0, 0 = -2*f + p + 2. Let t(b) = 4*b + 1. Determine t(f).
-3
Let j = -32 + 27. Let r(w) = -1 + 5*w - w**2 - w - 2*w - 7*w. Calculate r(j).
-1
Suppose 18 = -2*n - n. Let t(x) = -5*x - x**2 + 18 - 16 - 10. What is t(n)?
-14
Let d(p) be the first derivative of 0*p + 0*p**2 - 1/3*p**3 + 3 - 1/24*p**4 - 1/120*p**5. Let r(m) be the third derivative of d(m). Give r(5).
-6
Let v(j) = -j + 5. Suppose 0 = -o - p + 5*p - 6, -p = -2*o + 23. Suppose 4*q + 2 = o. Suppose k - q*w = 7, 3*k = 5*k - w - 14. Determine v(k).
-2
Let p(t) = t**3. Let c = 255 + -253. Give p(c).
8
Let r(z) = z**2 - 16 + 11 + 10 - z. Let d be r(0). Let s(o) = -d*o + 6*o + 3 - 4*o. What is s(-5)?
18
Suppose -2*f = 2*a - 4, -3*f = 3*a - 5*f - 11. Let w(p) = 5*p**a - 5*p**2 + p**3 - p + 4*p**2. Determine w(-1).
-6
Let s = 11 + -7. Let u(z) = -z + 0*z - z + s*z - 2. Let i(r) = -1. Let n(f) = -4*i(f) + 2*u(f). Determine n(1).
4
Suppose 0 = -3*z + 2*n + 6 + 8, z - 2*n = -2. Let j(t) = t**2 - 12*t + 28. Calculate j(z).
-4
Suppose -2*o = -5*w - 38, 0*o + 3*w = -2*o + 22. Suppose -4*x - 4 = 2*v + 6, -3*x + 5*v = o. Let i(u) = u**3 + 2*u**2 - 2*u + 4. Calculate i(x).
1
Let u be (-13)/3 - (-2)/6. Let y(x) be the second derivative of 5*x**3/6 + 7*x**2/2 + 22*x. Let f(v) = -4*v - 6. Let z(n) = 4*f(n) + 3*y(n). What is z(u)?
1
Let s(n) be the second derivative of 4*n**3/3 + n**2/2 + 187*n. Calculate s(-4).
-31
Let x(f) = -2*f + 28. Let u be x(11). Let a(h) = h**2 - 7*h - 2. What is a(u)?
-8
Let a(